 of x and j.
23
Let i(k) = -38*k**3 + k**2 + 3*k + 1. Let s be i(-1). Let n = s - 23. Let a be 60/n + (-28)/98. Calculate the highest common divisor of a and 32.
4
Let j be 165/(-18) + (-3)/(-18) + 2. Let b(o) = o - o - 2*o - 9. Let n be b(j). What is the greatest common divisor of 10 and n?
5
Let w = 3820 + -3645. Calculate the greatest common factor of 4825 and w.
25
Let z(d) = 2*d**3 - 2*d**2 + 5*d - 4. Let w be z(3). Let n = w + -28. Let t = 37 - n. Calculate the highest common factor of 126 and t.
18
Suppose 19*y = 25*y - 36. Let q(g) = 3*g**2 - 5*g - 24. Let f be q(-3). What is the highest common factor of y and f?
6
Let r = 107 + -35. Let f = -28 + r. What is the greatest common factor of 55 and f?
11
Suppose 0 = -4*l - j + 2666 + 4018, -l = 4*j - 1686. What is the highest common factor of l and 70?
10
Suppose -11 = -4*l + 9. Let v = 91 - 44. Let y = -27 + v. Calculate the greatest common factor of l and y.
5
Suppose -2*f = -4*w + 426, 45*w - 50*w + 546 = 2*f. What is the greatest common divisor of w and 36?
36
Let v(c) = -c**3 - 15*c**2 - 19*c + 51. Let w be v(-14). Calculate the highest common factor of 110 and w.
11
Let w be (-7 + (-340)/(-24))/((-2)/(-156)). Suppose -7*r = -3*r + 4*l - 516, -2*r + 3*l + 258 = 0. Calculate the greatest common divisor of w and r.
43
Suppose -15*g = -18*g + 156. Let k(a) = 2*a**2 + 143. Let u be k(0). What is the highest common divisor of g and u?
13
Let k = -8771 - -11363. What is the greatest common divisor of k and 672?
96
Let o = -2669 - -2696. Calculate the highest common divisor of o and 2241.
27
Let t = 2142 - 330. Calculate the highest common factor of t and 60.
12
Let l(z) = -502*z - 3007. Let d be l(-6). What is the highest common divisor of 565 and d?
5
Suppose -2*x = -15*x + 52. Suppose -7 = 2*y + 5*n - 43, -2*n = x. What is the greatest common factor of 322 and y?
23
Let p(b) = b**3 - 45*b**2 + 56*b - 278. Let g be p(45). What is the greatest common divisor of 354 and g?
118
Let o = 1 + -36. Let z = o + -89. Let r = 284 + z. Calculate the highest common divisor of 32 and r.
32
Suppose 43 - 1 = -2*q. Let v be (-6 - 476/q)*24/10. Calculate the greatest common factor of v and 100.
20
Suppose -4*v - 2*q + q + 1248 = 0, -q = v - 315. Suppose 0 = -6*r + 121 + v. Let x = 248 + r. Calculate the greatest common factor of x and 40.
40
Let z = 71 - 38. Suppose z = 2*q - 147. Suppose -5*y - 15 + q = 0. Calculate the highest common divisor of y and 5.
5
Suppose -4*v - q = -63, 4*v + 3*q + 2*q = 75. Let g = 215 - 292. Let o = -71 - g. Calculate the greatest common factor of o and v.
3
Suppose 28 = r - 3*b - 2*b, 0 = 4*r - 5*b - 127. Suppose 0 = -48*s + 59*s - r. What is the greatest common divisor of s and 12?
3
Let a be (-1 + -2)/(135/(-48) + 3). Let u = 28 + a. Let j be (u/30)/(2 + 79/(-40)). What is the highest common divisor of 48 and j?
16
Let s = 540 + -94. Let d = s + -191. Calculate the greatest common factor of 153 and d.
51
Let i(v) = -v**3 + 11*v**2 + 2*v - 28. Let b be i(11). Let s be ((-10)/20)/(b/1344). Calculate the highest common factor of 98 and s.
14
Let v be (-695)/(-70) - ((-830)/(-140) - 6). Calculate the highest common divisor of v and 838.
2
Suppose -y - r - 2*r = -1322, -3*y + 5*r + 3980 = 0. Suppose -15*h = -y - 1315. Calculate the greatest common factor of h and 11.
11
Let y(f) be the third derivative of -f**5/30 - 3*f**4/4 + 4*f**3/3 - 71*f**2. Let a be y(-8). What is the greatest common divisor of a and 24?
24
Suppose -2479 + 484 = -71*f - 149. Calculate the greatest common factor of f and 50.
2
Suppose 0 = -d - d + 8. Let t = -2 + d. Suppose p = -k + 14, -k = 2*k + t*p - 38. Calculate the highest common divisor of 80 and k.
10
Let j = 9 + -5. Let r be (24/(-3))/j - -52. Suppose 12*v + 1577 = 4577. Calculate the highest common factor of r and v.
50
Let m(q) = -q**3 - 11*q**2 - 14*q + 5. Let g be m(-10). Let d = -10194 + 10203. Calculate the highest common factor of d and g.
9
Let h be ((-5474)/(-28))/(30/20 - 62/42). What is the highest common factor of 476 and h?
119
Suppose -3*v = -0*v - 129. Suppose -803*w - 4816 = -817*w. Calculate the highest common factor of v and w.
43
Let f(l) = 10*l**2 - 18*l + 69. Let i be f(6). Suppose 6*w + 57 = 7*w - 4*h, -5*w + 2*h + i = 0. Calculate the highest common factor of w and 15.
5
Suppose -45 = -4*z + z. Let g(y) = 2*y**3 + 24*y**2 + 11*y - 29. Let a be g(-11). Suppose 0 = a*p - 114*p + 1650. What is the greatest common factor of p and z?
15
Suppose 25*f = -0*f + 550. Let d(p) = -p**3 - 19*p**2 + 17*p - 5. Let u be d(-20). Calculate the highest common divisor of u and f.
11
Let k = -301 - -311. Let a be k/40 - (-1084)/16. Calculate the highest common factor of 119 and a.
17
Let j(b) = -b**3 + 46*b**2 - 199*b + 39. Let h be j(41). What is the highest common factor of 2451 and h?
57
Let o = -51 + 91. Suppose -106*x = -116*x + 6800. What is the highest common divisor of o and x?
40
Suppose 12*d = 33 + 39. Let y be d/(8/60 + 0). Calculate the greatest common divisor of y and 135.
45
Suppose -333 = 4*t - m, 0 = 2*t - m + 6*m + 139. Let q = t + 86. Suppose -3*g + 34 = q. Calculate the highest common factor of 90 and g.
10
Let x(h) = -9*h**3 - 25*h**2 + 78*h - 23. Let l be x(-9). What is the greatest common divisor of 206 and l?
103
Suppose 58547 - 212072 = -75*t. Calculate the highest common divisor of t and 46.
23
Let n = -5747 - -5783. Calculate the highest common divisor of n and 7044.
12
Let c(h) = 54*h + 8015. Let b be c(-133). Let w(x) = 6*x**3 + x**2 - 2*x + 1. Let n be w(2). Calculate the highest common divisor of b and n.
49
Suppose -439 = -c + 4*l, -6*l = -l - 5. Suppose 4*j + c = 1899. Calculate the highest common factor of 28 and j.
28
Suppose -5788*j - 322 = -5795*j. Let q(m) = 7*m**2 - m - 4. Let c be q(3). Let h = c - j. What is the highest common factor of h and 20?
10
Suppose 5*a - 3161 = 4*r, 16*r = -3*a + 24*r + 1947. What is the highest common divisor of a and 15?
5
Let c(j) be the second derivative of j**4/12 - 5*j**3/3 - 225*j**2/2 - 62*j. Let g be c(21). What is the greatest common divisor of g and 474?
6
Let u = 2636 - 2471. What is the greatest common divisor of u and 77?
11
Let u(j) = j**3 + 13*j**2 - 20*j - 7. Let x be u(-14). Let m = -61 + x. What is the greatest common divisor of m and 1?
1
Let z = -404 + 752. Let b = z + -298. What is the highest common factor of 325 and b?
25
Let p(f) = 150*f - 5326. Let t be p(77). Calculate the highest common divisor of t and 32.
16
Let j(v) = -9*v + 196. Let y be j(18). Let m be 1 + -4 - 1094/(-2). Calculate the highest common divisor of y and m.
34
Suppose 10*s - s = 4444 + 45605. Calculate the highest common divisor of s and 166.
83
Suppose -4*o = y - 154, -4*o = 2*y - 67 - 85. Let u be 5/((-152)/308 - 1/(-2)). Suppose -14*d + 6776 = u. What is the highest common divisor of o and d?
39
Let u = -274 + 249. Let q be (-8)/14 + u/(-7). Calculate the highest common divisor of 111 and q.
3
Let f(w) = w**2 + 53*w + 244. Let b be f(-49). Calculate the greatest common divisor of 114 and b.
6
Let g be 4270/(-40) - -4 - (-2)/(-8). Let p = g - -111. Let o be (1/(-2))/(8/(-128)). What is the greatest common divisor of o and p?
8
Suppose -240 = 3*s - 621. Let z(t) = -107*t**2 - 118*t + 119. Let l be z(1). Let q = s + l. Calculate the greatest common divisor of 21 and q.
21
Let s be (81/108)/(18/40)*42. Calculate the highest common divisor of 2590 and s.
70
Suppose 64*h - 16260 - 7648 = -75*h. What is the highest common divisor of 1075 and h?
43
Suppose 5*u - 13 = y + 21, 4*y = -u - 157. Let q be 43/4 + y/52. Calculate the highest common divisor of 30 and q.
10
Suppose 39 - 64 = -5*s. Suppose w = -j + 245, 2*j - 64*w - 490 = -67*w. What is the highest common factor of j and s?
5
Let s = -49 + 57. Suppose 2*m = s, 2*m + 54 - 17 = 3*r. Suppose -r*d - 684 = -19*d. What is the greatest common factor of d and 19?
19
Let n = -81 + 86. Suppose -n*f - 12 = -27. Suppose -l - f*m + 70 = 4*l, 5*l - m = 70. Calculate the highest common factor of l and 154.
14
Let u be (52/65)/(1/(-15)). Let h be ((-6)/(-9))/(u/(-1206)). Suppose 0 = b + 45 - h. Calculate the greatest common factor of 242 and b.
22
Let m be (5 + (50/(-35))/((-18)/21))*21. Calculate the highest common divisor of m and 2660.
140
Su